 -23134?
-103310223
In base 5, what is -340433233220 + -1?
-340433233221
In base 8, what is 2 + 3612312?
3612314
In base 16, what is -3226 + -3bf?
-35e5
In base 4, what is 110 - -22301101021?
22301101131
In base 8, what is 3761537 + -251?
3761266
In base 6, what is 322311 + 250?
323001
In base 4, what is -3 - -1012020332?
1012020323
In base 15, what is 42 + -6e0?
-69d
In base 4, what is -1203110 + 1000331300?
333122130
In base 5, what is -1443414132 + -2?
-1443414134
In base 11, what is 28 - 96669?
-96641
In base 15, what is -7cbe5cb + 5?
-7cbe5c6
In base 11, what is 200 + -5019?
-4919
In base 8, what is -11 + 117720235?
117720224
In base 13, what is 0 - 98bb17?
-98bb17
In base 16, what is 5 - -d0b6?
d0bb
In base 16, what is 11 + -15101d8?
-15101c7
In base 16, what is -1b3a + -25ba?
-40f4
In base 4, what is -11 - -123333113132?
123333113121
In base 15, what is -65 - 4e6ad?
-4e723
In base 2, what is 10010101011111001110101 + 100?
10010101011111001111001
In base 2, what is -11001111 - -1010001111100?
1001110101101
In base 12, what is -2478 - 1490?
-3948
In base 8, what is -2714 - 120540?
-123454
In base 13, what is 7a + 2123a?
212b7
In base 15, what is -d4 - 2a470?
-2a554
In base 7, what is 22 + -545211055?
-545211033
In base 3, what is -101102022010120 + -11111?
-101102022022001
In base 13, what is 4 + aa00947?
aa0094b
In base 2, what is 1010011100011001001011100 - -11010?
1010011100011001001110110
In base 15, what is -38e6 + -516?
-3e0c
In base 14, what is 2d50a6 + 61?
2d5127
In base 12, what is -9b238 + 3080?
-98178
In base 4, what is -323031231101 + -11?
-323031231112
In base 15, what is 77 - -9eae?
a036
In base 16, what is 73 + d3a8?
d41b
In base 13, what is -88b + 97ba1?
97313
In base 3, what is -1121021012022000 + -12?
-1121021012022012
In base 6, what is 0 + 1443414?
1443414
In base 10, what is -167330 + -12?
-167342
In base 3, what is 20012210012202200 - 110?
20012210012202020
In base 13, what is -7c9a - 2ab?
-8278
In base 6, what is -114 - 1545011223?
-1545011341
In base 15, what is 7ad + -c616?
-bd58
In base 2, what is 1001010001001 + 1111001001?
1011001010010
In base 11, what is 19 - -18562726?
18562744
In base 8, what is -170 + 3557432?
3557242
In base 7, what is 0 + -3561356460?
-3561356460
In base 12, what is -1 - 4951546?
-4951547
In base 4, what is -2112300031 - -12?
-2112300013
In base 14, what is -1503688 + -4?
-150368c
In base 16, what is 70 + 8a35b?
8a3cb
In base 4, what is 20 + -22022203212?
-22022203132
In base 8, what is 32 - -530414?
530446
In base 5, what is -34332242 - 11?
-34332303
In base 9, what is 12 - -5864388?
5864411
In base 13, what is -6b2 - 2?
-6b4
In base 4, what is -1230 - -3132110101?
3132102211
In base 5, what is -240 + 222444?
222204
In base 11, what is 628a1a - -1060?
629a7a
In base 8, what is 115706 - -324?
116232
In base 10, what is -921 + -13?
-934
In base 5, what is -233 - 14200422?
-14201210
In base 13, what is 2bb + -5bcc?
-5911
In base 16, what is -2 - -e8dc35c?
e8dc35a
In base 5, what is -13441301 + 310?
-13440441
In base 4, what is 11212 + -2122310032?
-2122232220
In base 14, what is -d3d2c5b + 2?
-d3d2c59
In base 2, what is -10010001100 + -11111100011110?
-100001110101010
In base 16, what is 41f3c - -77?
41fb3
In base 15, what is 1dd402 - 1b6?
1dd23b
In base 9, what is 46350814 - -4?
46350818
In base 4, what is 1111013331110 - 2?
1111013331102
In base 2, what is -10110 - 1111110001110001111?
-1111110001110100101
In base 6, what is -41131 + 22235?
-14452
In base 7, what is 606324626 + 2?
606324631
In base 5, what is 11333000 + -31?
11332414
In base 4, what is -220201 - -33021003?
32200202
In base 16, what is 259b3 - 12?
259a1
In base 16, what is 12d75 - -ff?
12e74
In base 14, what is 10bd6a6 + 1?
10bd6a7
In base 15, what is -28731 + -60?
-28791
In base 10, what is 76011 + 615?
76626
In base 7, what is 5663622 + 0?
5663622
In base 4, what is 100102 - -30233330?
31000032
In base 2, what is -100100111 - 1011101011111111010?
-1011101100100100001
In base 12, what is 3 - -1032730?
1032733
In base 8, what is 4 - -3432707?
3432713
In base 15, what is -1b3c0 - -1200?
-1a1c0
In base 3, what is -1000022010100022 + 20?
-1000022010100002
In base 2, what is 1000111000000010010101 + -10000?
1000111000000010000101
In base 6, what is -25425 - 1404314?
-1434143
In base 5, what is -14 + 23401233222?
23401233203
In base 3, what is 1110222 + -1020110?
20112
In base 16, what is -11 + -e4a05f?
-e4a070
In base 13, what is 13c3695 + 0?
13c3695
In base 4, what is -11001110 + 231333?
-10103111
In base 14, what is -27c0 - 1670a?
-190ca
In base 10, what is 18 - -237645?
237663
In base 9, what is -174062053 - 11?
-174062064
In base 16, what is 80 + cf5a?
cfda
In base 12, what is 72b0 - 1512?
599a
In base 6, what is -13510 - -11405?
-2101
In base 5, what is -23234 - -301233?
222444
In base 3, what is 2 - 121110200101221?
-121110200101212
In base 10, what is -165264 + -36?
-165300
In base 3, what is 1002002121 - 222012?
1001010102
In base 6, what is 45231 + -2141?
43050
In base 10, what is -3 + 2461274?
2461271
In base 10, what is -472 - -29988?
29516
In base 2, what is 11110100 + 100000111110010?
100001011100110
In base 16, what is 3e43c - 25?
3e417
In base 11, what is 286 - -39902?
3a088
In base 4, what is -20312 + 33202200?
33121222
In base 8, what is 5 - -13615016?
13615023
In base 16, what is -fb4 - 6f2?
-16a6
In base 8, what is 3 - 12225114?
-12225111
In base 3, what is -10 + 20022001000021?
20022001000011
In base 9, what is 21 + 121374774?
121374805
In base 13, what is 0 + 373131?
373131
In base 3, what is -22100001221012 - 10010?
-22100002001022
In base 6, what is 3022440104 + 2?
3022440110
In base 15, what is -1 + 3c72cd?
3c72cc
In base 12, what is -2 + -48a834?
-48a836
In base 13, what is 8c6 + b64?
175a
In base 13, what is -7 - -65a878?
65a871
In base 4, what is 3323321 + -2200331?
1122330
In base 15, what is -7d6945 - 7?
-7d694c
In base 4, what is 332321320122333 + -10?
332321320122323
In base 13, what is cc63 + 458?
103bb
In base 3, what is -10 - 2202010002220?
-2202010010000
In base 10, what is 25229980 - 1?
25229979
In base 11, what is -1a75 - -26763?
24799
In base 14, what is 110 - 5c1b3?
-5c0a3
In base 4, what is -1313231103 - -302?
-1313230201
In base 9, what is 10757 + 70?
10837
In base 16, what is -5 - -15dda85?
15dda80
In base 11, what is -13385 - -5143?
-9242
In base 3, what is -111 + 11102121121020?
11102121120202
In base 8, what is -17 + -5431543?
-5431562
In base 4, what is -101110 + -10230032?
-10331202
In base 7, what is -465223062 - 2?
-465223064
In base 10, what is -1350 + -119426?
-120776
In base 10, what is -91003278 - 6?
-91003284
In base 16, what is 15 - -784946?
78495b
In base 6, what is -42042 - 4331?
-50413
In base 3, what is -10001012 - 11001002021?
-11011010110
In base 10, what is -10 - -15381990?
15381980
In base 5, what is -14 + -311024143?
-311024212
In base 10, what is 6 - -88135103?
88135109
In base 8, what is 3 + -12667541?
-12667536
In base 11, what is 309134 - -39?
309172
In base 4, what is -23 + -2020200132?
-2020200221
In base 16, what is -2ca1 - -165?
-2b3c
In base 6, what is 1235 + -40015150?
-40013511
In base 13, what is -98 - -55301?
55236
In base 3, what is -1101010210 + 1201211?
-1022101222
In base 6, what is -10 - 125031051?
-125031101
In base 16, what is -254ce + -480?
-2594e
In base 16, what is -51f101 + -3?
-51f104
In base 4, what is -1312102130 - 320?
-1312103110
In base 12, what is 12 - 3637027?
-3637015
In base 14, what is -5c5 + -36bb9?
-373a0
In base 11, what is 10a543 - 6?
10a538
In base 16, what is -5c80 + 742?
-553e
In base 14, what is -b + -22519?
-22526
In base 10, what is -25 - 727906?
-727931
In base 2, what is 11001000001 - -11010001101?
110011001110
In base 4, what is 30013300032 + -12?
30013300020
In base 4, what is 10 + 21202320221231?
21202320221301
In base 12, what is -37 - -40199?
40162
In base 9, what is -2 + 8032717?
8032715
In base 6, what is 504 + 1411434?
1412342
In base 7, what is -522435 + 1332?
-521103
In base 10, what is 126389 - 995?
125394
In base 12, what is 283 + -102b5?
-10032
In base 16, what is -289 - 85212?
-8549b
In base 10, what is -25 + 3308052?
3308027
In base 2, what is 11 + 101000011010111010001100111?
10100001101011101000